40.
6
Calculate the highest common factor of 310 and 4338140.
310
Calculate the highest common factor of 12282 and 3395674.
46
What is the highest common divisor of 7971818 and 72874?
166
Calculate the greatest common divisor of 1117696 and 13184.
128
What is the greatest common factor of 35394 and 1887?
51
Calculate the greatest common divisor of 1552775 and 4203.
467
What is the greatest common divisor of 25250064 and 70?
14
Calculate the highest common divisor of 32957 and 1007.
1
What is the greatest common divisor of 775 and 4110507?
31
Calculate the highest common factor of 196360 and 2360.
40
Calculate the greatest common divisor of 728 and 103291916.
364
What is the greatest common divisor of 9933148 and 67367?
2323
What is the greatest common factor of 21056 and 2867564?
1316
What is the greatest common factor of 106806 and 2478?
42
Calculate the greatest common divisor of 161115 and 358455.
345
Calculate the greatest common divisor of 360 and 607886280.
360
What is the greatest common factor of 1305367 and 245?
7
Calculate the greatest common divisor of 595 and 1272229.
119
Calculate the highest common factor of 6752 and 39734887.
211
What is the greatest common factor of 85 and 37589555?
5
What is the highest common factor of 155 and 39632539?
31
What is the greatest common divisor of 218109 and 10281?
69
Calculate the greatest common divisor of 99 and 14754888.
9
What is the highest common factor of 49763 and 350?
7
Calculate the greatest common divisor of 13728 and 978.
6
What is the highest common divisor of 23975 and 3105242?
959
Calculate the greatest common factor of 61202 and 1757250.
142
What is the highest common factor of 27189190 and 11970?
1330
Calculate the highest common factor of 1122 and 334526.
34
What is the highest common divisor of 48377963 and 19015?
3803
Calculate the greatest common divisor of 104 and 403003822.
26
What is the highest common divisor of 385 and 1134551264?
77
What is the greatest common divisor of 143788032 and 7801?
7801
Calculate the greatest common factor of 82452286 and 931.
133
Calculate the greatest common divisor of 1450151402 and 266.
266
Calculate the highest common factor of 3346 and 195582782.
478
What is the greatest common factor of 266 and 173278098?
14
What is the highest common factor of 828 and 490932378?
414
Calculate the highest common divisor of 41477090 and 10.
10
What is the greatest common factor of 778 and 39320898?
778
Calculate the highest common factor of 7084 and 3508428.
308
What is the highest common divisor of 2908288768 and 98?
98
Calculate the greatest common divisor of 6927540 and 21.
3
What is the greatest common divisor of 6492 and 3338184?
12
What is the greatest common divisor of 233310929 and 52328?
6541
Calculate the greatest common divisor of 12250392 and 98.
98
Calculate the highest common divisor of 1755840 and 14455.
295
What is the greatest common divisor of 45 and 58043646?
9
Calculate the highest common divisor of 6076347 and 747.
249
What is the highest common factor of 576847037 and 3341?
3341
What is the highest common divisor of 396 and 4902084?
396
Calculate the greatest common factor of 40605790 and 610.
10
What is the greatest common factor of 21088 and 797344?
32
Calculate the greatest common factor of 280 and 1258264.
56
What is the highest common factor of 181937 and 17495891?
2303
Calculate the highest common factor of 236943 and 448.
7
What is the greatest common factor of 35052 and 39997?
23
What is the greatest common divisor of 218023 and 4746937?
403
Calculate the highest common divisor of 1648 and 10380144.
16
Calculate the highest common factor of 331 and 87525006.
331
Calculate the highest common divisor of 5 and 59830195.
5
What is the highest common factor of 40180 and 25480?
980
Calculate the highest common divisor of 31164 and 2525397.
1113
What is the greatest common divisor of 14240 and 25985?
5
What is the greatest common divisor of 4316459 and 112?
7
Calculate the greatest common divisor of 160 and 50731610.
10
What is the highest common divisor of 12859 and 13211704?
1837
Calculate the greatest common divisor of 88 and 994544.
8
Calculate the greatest common divisor of 158224 and 780208.
5456
What is the greatest common divisor of 41177006 and 13?
13
Calculate the greatest common divisor of 759 and 1006401.
33
Calculate the highest common divisor of 4049020 and 122711.
443
Calculate the highest common factor of 17 and 51479893.
17
Calculate the highest common divisor of 148720 and 99076120.
5720
What is the greatest common factor of 98192 and 351101?
323
What is the greatest common divisor of 19530 and 115450510?
2170
What is the greatest common divisor of 263360 and 110640?
80
What is the highest common factor of 838246 and 35544?
2962
Calculate the highest common divisor of 1417 and 26309657.
109
What is the highest common factor of 756481160 and 1640?
1640
What is the highest common factor of 111780 and 1074870?
810
Calculate the greatest common divisor of 22930 and 6360.
10
Calculate the highest common divisor of 1235400 and 5100.
300
Calculate the greatest common factor of 38270 and 1599170.
430
Calculate the highest common factor of 1236585 and 5376.
21
Calculate the highest common factor of 42 and 2803598.
14
What is the greatest common divisor of 28530700 and 29600?
3700
Calculate the highest common divisor of 2404633 and 413325.
1837
What is the highest common factor of 11564 and 5438804?
196
What is the greatest common factor of 34656274 and 4568?
1142
What is the highest common factor of 48720 and 1281945?
3045
Calculate the greatest common factor of 1904 and 12837584.
272
Calculate the highest common factor of 58604 and 7124.
52
Calculate the greatest common factor of 370192703 and 2372.
593
Calculate the greatest common divisor of 88562 and 29.
1
Calculate the highest common divisor of 54 and 5949774.
54
Calculate the highest common factor of 1047832432 and 16.
16
Calculate the highest common divisor of 7215 and 9672429.
1443
Calculate the greatest common divisor of 334179273 and 516.
129
Calculate the highest common divisor of 132455 and 15946235.
2245
Calculate the greatest common factor of 1789025 and 1393.
7
Calculate the highest common divisor of 71818 and 21208.
482
Calculate the greatest common divisor of 10942632 and 74517.
1263
Calculate the greatest common divisor of 750 and 3315120.
30
What is the highest common factor of 27679606 and 362?
362
Calculate the greatest common divisor of 472 and 284792528.
472
Calculate the highest common divisor of 2847 and 1274611.
13
What is the greatest common divisor of 33758048 and 32?
32
Calculate the greatest common divisor of 49 and 6762098.
49
What is the greatest common divisor of 399588 and 48848?
284
What is the greatest common factor of 149374 and 4?
2
What is the highest common divisor of 321689838 and 18?
6
What is the greatest common divisor of 739 and 3347513332?
739
Calculate the highest common factor of 33751 and 343.
1
Calculate the greatest common factor of 280460258 and 11921.
1703
Calculate the highest common divisor of 22386 and 1992.
6
Calculate the highest common factor of 86171113 and 8806.
4403
Calculate the highest common factor of 19257602 and 1463.
133
What is the highest common divisor of 3820 and 135037?
191
Calculate the greatest common divisor of 3220 and 74997580.
140
What is the highest common factor of 4669 and 27144899?
667
What is the greatest common divisor of 120 and 516888?
24
What is the greatest common factor of 1749 and 22994739?
159
Calculate the highest common factor of 69292460 and 820.
820
What is the greatest common divisor of 2465782 and 5871?
19
Calculate the highest common divisor of 1008 and 9390178.
14
Calculate the highest common factor of 2881629553 and 11.
11
What is the highest common divisor of 2884 and 167666?
2
What is the greatest common factor of 236 and 22049008?
236
What is the highest common factor of 1989178 and 747?
83
What is the greatest common divisor of 7218062 and 76?
38
Calculate the greatest common factor of 2341119778 and 43.
43
What is the highest common divisor of 42 and 811622518?
14
What is the greatest common divisor of 528 and 96647664?
48
Calculate the greatest common divisor of